/((-2)/(-12)). Suppose 3*s - 5 = -b, 2*s - 30 = b - 3*b. What is the highest common divisor of d and b?
10
Let r be (-1 - 292/20)/((-6)/20). Calculate the greatest common factor of 13 and r.
13
Let f(h) = 253*h**3 - h**2 - 4*h + 4. Let o be f(1). Calculate the greatest common divisor of o and 36.
36
Suppose 2*h - 116 = -4*q, 3*h = 4*q - h - 104. Calculate the highest common divisor of q and 28.
28
Let h(g) = -6*g**3 + 2*g**2 + g - 12. Let f be h(-4). What is the greatest common factor of 50 and f?
50
Suppose 4*n + 20 = 0, -i + 4*n = 4*i - 50. What is the greatest common factor of i and 42?
6
Suppose o + 2*l = 0, 0 = 2*o + 3*l - l - 6. What is the highest common factor of 66 and o?
6
Suppose -a + 35 = -n - 2*n, 3*a - 80 = 4*n. Let z = 24 - a. Calculate the greatest common factor of 28 and z.
4
Suppose 11 = s - 7. Calculate the highest common factor of 9 and s.
9
Let y be ((-9)/2)/((-6)/16). Let w = 27 - y. What is the highest common divisor of 105 and w?
15
Let a(j) = -j**2 + j - 1. Let b(s) = -s**3 - 21*s**2 + 22*s - 11. Let i(f) = 5*a(f) - b(f). Let r be i(-17). Calculate the greatest common divisor of 9 and r.
3
Let f be (0*1/(-2))/2. Let w(c) = -5*c**2 + 4. Let x(y) = -y**2 + 1. Let h(p) = -w(p) + 6*x(p). Let d be h(f). What is the greatest common divisor of 2 and d?
2
Suppose -2*p = -c + 3, -15 = -3*c - 3*p + 3. Calculate the highest common divisor of 20 and c.
5
Let d = 7 + -3. Let y(b) be the second derivative of b**5/20 + 5*b**4/12 + b**3/2 + b**2/2 - b. Let i be y(-3). What is the greatest common factor of i and d?
2
Let h be (-56)/10 + 8/(-20). Let s(c) = -c + 2. Let g be s(h). Let m(q) = q**2 - 6*q - 8. Let r be m(g). What is the greatest common divisor of 1 and r?
1
Let x = 15 - -3. Calculate the greatest common divisor of 144 and x.
18
Suppose 4*i = -4*n - 8, 3*i + 6 = 3*n - 12. Suppose n*c - c = 5. Let y(d) = 46*d**2 - d. Let s be y(1). Calculate the highest common factor of c and s.
5
Let j(q) = q**3 - 19*q**2 + 34*q + 8. Let z be j(17). Suppose 0 = 3*b - 4*m - 116, -3*b = 4*m - 50 - 74. Calculate the greatest common divisor of z and b.
8
Suppose 3*t - 400 = 2*x - 7*x, 5*t = x - 80. Suppose -w - x = -3*i, -i - w + 60 = i. Calculate the highest common factor of i and 7.
7
Suppose j - 5 + 14 = 0. Let r = j - -11. What is the highest common factor of 14 and r?
2
Let v = 58 - 28. What is the highest common divisor of v and 20?
10
Let n = -12 + 28. Suppose n*u - 15*u - 44 = 0. What is the greatest common factor of u and 22?
22
Let y(c) = c**3 - 8*c**2 + c - 6. Let s be y(8). Suppose 2*j = -3*b + 14, -s*b + 11 = 3*j - 0. Calculate the greatest common factor of 5 and j.
1
Suppose 0 = -3*h + 5*d + 17, -9 = h - 2*h + d. Suppose -3*z - 96 = 15. Let k = -16 - z. What is the greatest common factor of k and h?
7
Let w be 9/6*(-8)/(-6). Let n(f) = -f**3 - 3*f**2 + 3*f + 1. Let g be n(-4). Calculate the highest common factor of g and w.
1
Let k(l) = -l**3 - 9*l**2 - 8*l - 1. Let b be k(-8). Let f be (b - (-4)/(-8))*-2. What is the highest common factor of f and 6?
3
Let p be (-3 + 0)*(-10)/(-3). Let f be 2/p + 1582/35. What is the highest common divisor of f and 30?
15
Let p(b) = 0*b**3 - 1 + 4*b**2 + 2 + 0*b**2 + b**3. Let o be p(-3). Suppose o = -3*s - 2, -5*t - 5*s + 30 = 0. What is the highest common factor of t and 15?
5
Let m(g) = 7*g**2 + 2. Let r be m(2). Let z be (8/(-8))/((-1)/r). Calculate the greatest common factor of 6 and z.
6
Suppose -5*j - 24 = -79. Let s = j - 7. Calculate the greatest common factor of 44 and s.
4
Suppose d - 4*d = 3*s, 4*s + 30 = 2*d. Suppose -4*a + 22 = d*z, -3*a + 22 = 5*z + 3. Suppose -2*u - 13 = -a*u. What is the highest common factor of u and 52?
13
Let y be -3 - (-3 + 2)*2. Let u be 0 - (-33)/3 - y. Calculate the greatest common factor of 12 and u.
12
Let w be 29 + (-6)/(-4)*2. Suppose 2*l + l + n = w, 4*n = 3*l - 7. What is the highest common factor of l and 72?
9
Let r(y) = -y**3 - y**2 - y + 44. Let a be r(0). Calculate the highest common factor of 4 and a.
4
Let i = -2 - -9. Let p be ((-1)/(-2))/(5/180). Let u = p - 17. Calculate the highest common divisor of i and u.
1
Suppose 0 = 3*z - 2 - 10. Suppose 4 = -2*b - 2*y, -3*b - y = y + 4. Let v = z + b. Calculate the greatest common divisor of v and 8.
4
Let m(u) be the first derivative of -u**4/4 + 8*u**3/3 + 11*u**2/2 - 13*u - 6. Let a be m(9). What is the highest common factor of a and 10?
5
Let y be (-2)/9 + (-1898)/(-117). Calculate the greatest common divisor of 64 and y.
16
Let y(j) = j**2 - 12*j - 3. Let g be y(-8). Let r = -22 + g. What is the highest common divisor of r and 15?
15
Suppose 5*m - 15 = 0, -4*q + 9 = -5*m - 0*m. Calculate the greatest common factor of q and 96.
6
Let k = 13 - 8. Suppose d - k*d + 297 = 3*h, 4*d - h = 285. Calculate the greatest common factor of d and 48.
24
Suppose -2*r + 495 = -2*d + d, 3*r = -2*d + 746. Let l = 137 - r. Let a = 54 - l. What is the highest common factor of a and 15?
15
Suppose 12*d + 12 = 16*d. What is the greatest common factor of 12 and d?
3
Let i = 44 + -27. Suppose i = 3*f - 28. Calculate the highest common divisor of 6 and f.
3
Suppose -3*a - b + 166 = 0, -4*a - 3*b + 235 = 17. Calculate the greatest common divisor of 8 and a.
8
Suppose 2*j - 22 = -0. Let n = 2 + j. Calculate the greatest common divisor of 26 and n.
13
Let k(z) = z - 11. Let o be k(8). Let u be o/4*(-55 - 1). What is the highest common factor of u and 105?
21
Let o = 326 - 121. Suppose -4*a + 513 - o = 0. Calculate the highest common divisor of a and 7.
7
Let n be (-9)/(5/4 - 2). Calculate the greatest common divisor of 3 and n.
3
Suppose -3*h + 25 = -5*m + 2*h, -m = 4*h - 5. Let o be m/(-15) + (-79)/(-5). Let c = 8 - 4. What is the highest common factor of c and o?
4
Let x(b) = -1 + 17*b**2 + 2 + 4*b**2 - 2*b. Let o be x(3). Calculate the greatest common factor of o and 23.
23
Let p(b) = b**3 + 2*b**2 - 3. Let s be p(-5). Let c be -42*(s/21 - -2). Calculate the greatest common factor of c and 9.
9
Suppose -30 = -3*f - 5*m, -5*m + 45 = 4*f - 0*m. What is the greatest common factor of f and 6?
3
Let k(r) = 7*r + 7. Let b = -9 + 14. Let u be k(b). What is the greatest common divisor of 105 and u?
21
Let x be 4 + -1 + 2/2. Let m be (-87)/(-6)*x*1. Suppose n = 3*k - 82, k + n = -k + m. What is the greatest common factor of 70 and k?
14
Let y be (-238)/(-21) + -1 - (-4)/6. What is the highest common factor of 121 and y?
11
Suppose -56 = n - 3*n. What is the greatest common divisor of 14 and n?
14
Let q be 2 + -2 + -5 + 18. Calculate the greatest common factor of q and 13.
13
Let t = -4 + 4. Suppose 0 = -4*u + 6*d - d + 23, -3*u + d + 9 = t. What is the greatest common divisor of u and 10?
2
Let w = 5 + 5. Suppose w = -5*q, -2*q = 4*z + 10 - 54. What is the greatest common factor of z and 6?
6
Let c(k) = 4*k + 2 + 3*k**3 - 1 - 2*k**3 + 0*k**3 + 5*k**2. Let t be c(-4). Calculate the highest common factor of t and 5.
1
Let f = -43 + 63. Let u(l) be the second derivative of l**3/6 + 9*l**2/2 + l. Let o be u(-7). What is the highest common divisor of o and f?
2
Let q be (458 + -1 - 2)/1. Suppose 5*n - q = 3*g, -4*n + g + 3*g + 356 = 0. Let k be n/10 - 2/5. What is the highest common divisor of k and 3?
3
Suppose 415*u + 140 = 419*u. Suppose -4 = -w + 3. What is the greatest common divisor of u and w?
7
Let l = 364 + -166. Let k be 1/(1/l*2). Let q = 51 + -42. Calculate the greatest common factor of k and q.
9
Suppose m = -2*d - 3*m + 20, -5*d + m = -61. What is the highest common divisor of d and 24?
12
Let y(w) = w**3 + 9*w**2 + 11*w + 4. Let g be y(-7). What is the greatest common factor of 5 and g?
5
Let s be (1 - 3 - -5) + 77. Suppose -2*q - 64 = s. Let l = -44 - q. Calculate the highest common divisor of 14 and l.
14
Let i(o) = 59*o**2 - 2*o - 1. Let z be i(-1). Let l = z + -32. Let g be l/(2/4*1). Calculate the greatest common divisor of g and 7.
7
Suppose -3*v = v - 48. Suppose -18 = 9*p - v*p. Calculate the greatest common divisor of 30 and p.
6
Let h = 5 + 0. Suppose -h = -9*u + 4*u. Let w be 2/((-4)/(-18)) + u. What is the highest common factor of 110 and w?
10
Let k(h) = -17*h - 18. Let x be k(-14). Calculate the highest common divisor of x and 20.
20
Suppose 0 = g - 6*g - 150. Let z = 44 + g. What is the highest comm